the greatest common divisor of 2915 and 369039.
583
Calculate the highest common factor of 93534 and 476.
238
Calculate the highest common divisor of 566588 and 978.
326
What is the greatest common factor of 34668 and 535?
107
What is the highest common divisor of 214989 and 3?
3
What is the highest common factor of 2575 and 50?
25
Calculate the highest common divisor of 5 and 35215.
5
Calculate the highest common factor of 885 and 93220.
295
What is the highest common factor of 560 and 567952?
112
Calculate the greatest common factor of 9702 and 328986.
882
What is the greatest common divisor of 506 and 3726?
46
Calculate the greatest common divisor of 414 and 13294.
46
Calculate the highest common factor of 71396 and 52.
52
What is the greatest common divisor of 1046195 and 445?
445
Calculate the greatest common divisor of 103971 and 217.
7
What is the greatest common factor of 171657 and 477?
9
What is the greatest common divisor of 6300 and 2?
2
What is the greatest common factor of 226629 and 2682?
1341
Calculate the greatest common factor of 30544 and 1978.
46
What is the highest common factor of 45507 and 6?
3
Calculate the greatest common factor of 3336 and 313167.
417
What is the greatest common factor of 313 and 236?
1
Calculate the greatest common factor of 504 and 14518.
14
Calculate the highest common factor of 652536 and 72.
72
What is the greatest common factor of 13825 and 105?
35
What is the highest common divisor of 2547 and 106125?
849
What is the greatest common divisor of 5322 and 1518?
6
What is the highest common factor of 315 and 20160?
315
What is the highest common divisor of 21342 and 6?
6
What is the highest common factor of 10 and 1685?
5
What is the greatest common factor of 196 and 25333?
49
Calculate the highest common divisor of 30415 and 24095.
395
Calculate the highest common divisor of 11 and 1942567.
11
What is the highest common factor of 940 and 3980?
20
What is the greatest common divisor of 14220 and 27?
9
Calculate the greatest common factor of 110812 and 156.
52
Calculate the greatest common divisor of 6095 and 3233.
53
Calculate the greatest common factor of 113415 and 225.
15
Calculate the greatest common factor of 12368 and 932238.
1546
What is the greatest common divisor of 1310 and 70?
10
Calculate the greatest common divisor of 54250 and 280.
70
What is the highest common divisor of 530342 and 1698?
566
What is the highest common divisor of 1700 and 39372?
68
Calculate the greatest common factor of 19389 and 354.
3
What is the greatest common divisor of 115326 and 1978?
86
Calculate the greatest common divisor of 387 and 922737.
129
Calculate the highest common factor of 110 and 544885.
55
What is the highest common divisor of 156 and 855948?
12
What is the highest common divisor of 364 and 27092?
52
Calculate the highest common factor of 52960 and 3040.
160
Calculate the greatest common factor of 3097 and 38019.
19
What is the greatest common divisor of 117402 and 612?
102
What is the highest common factor of 273 and 26663?
91
Calculate the highest common factor of 8192 and 53808.
16
What is the highest common factor of 33491 and 4280?
107
What is the highest common divisor of 1489927 and 649?
59
Calculate the greatest common divisor of 13182 and 6162.
78
What is the highest common divisor of 2110 and 1980?
10
What is the greatest common divisor of 145 and 942935?
145
Calculate the highest common factor of 270 and 30360.
30
Calculate the highest common factor of 450283 and 29.
29
Calculate the greatest common divisor of 55 and 33935.
55
What is the greatest common divisor of 212 and 618404?
212
Calculate the highest common divisor of 4488 and 2607.
33
Calculate the highest common divisor of 11700 and 1248.
156
Calculate the highest common factor of 102 and 2499.
51
Calculate the greatest common divisor of 158 and 26070.
158
What is the greatest common factor of 27 and 601641?
27
What is the greatest common divisor of 3050169 and 111?
111
What is the greatest common divisor of 644028 and 738?
246
What is the highest common factor of 224768 and 40?
8
Calculate the greatest common divisor of 206558 and 19694.
458
What is the highest common divisor of 5134 and 6154?
34
What is the greatest common divisor of 342 and 1167626?
38
Calculate the greatest common divisor of 4202563 and 79.
79
What is the greatest common factor of 30 and 1016130?
30
What is the greatest common divisor of 927 and 120407?
103
What is the greatest common divisor of 1026 and 680922?
342
What is the highest common factor of 530 and 45315?
265
Calculate the highest common factor of 30828 and 252.
84
What is the greatest common divisor of 128 and 15104?
128
Calculate the greatest common divisor of 31017 and 896.
7
What is the greatest common divisor of 182 and 1008?
14
What is the greatest common divisor of 1444 and 500?
4
What is the greatest common factor of 7843 and 4554?
253
What is the highest common factor of 72976 and 80?
16
What is the greatest common factor of 2848 and 2759?
89
Calculate the highest common divisor of 17815 and 63.
7
Calculate the highest common divisor of 3553 and 18513.
187
What is the highest common divisor of 2957393 and 4054?
2027
What is the highest common divisor of 117128 and 352?
88
What is the highest common factor of 1616328 and 576?
72
What is the highest common divisor of 40 and 21140?
20
What is the greatest common factor of 16 and 5955728?
16
What is the highest common divisor of 18945 and 22005?
45
What is the greatest common factor of 3585 and 87?
3
Calculate the greatest common factor of 8580880 and 176.
176
Calculate the greatest common factor of 133 and 5746398.
133
What is the highest common divisor of 171627 and 2451?
57
What is the greatest common divisor of 303601 and 361?
361
What is the highest common factor of 37665 and 372?
93
Calculate the greatest common divisor of 4557 and 100891.
49
What is the greatest common factor of 190965 and 54875?
2195
What is the greatest common divisor of 3124 and 3113?
11
Calculate the highest common divisor of 251 and 707569.
251
Calculate the greatest common factor of 10269 and 489.
489
Calculate the highest common factor of 707 and 303.
101
Calculate the highest common divisor of 1139 and 35207.
17
Calculate the highest common factor of 153 and 177.
3
Calculate the greatest common factor of 30082 and 9464.
338
Calculate the greatest common factor of 1191 and 48.
3
What is the greatest common divisor of 63 and 1641129?
21
What is the highest common factor of 420255 and 5377?
283
What is the highest common factor of 856 and 2992?
8
Calculate the highest common factor of 42 and 4346.
2
Calculate the greatest common factor of 38 and 1620073.
19
What is the greatest common divisor of 305482 and 1026?
38
What is the highest common factor of 240 and 1660?
20
Calculate the highest common divisor of 108 and 3648.
12
What is the highest common factor of 273 and 1603?
7
Calculate the highest common divisor of 24 and 9976.
8
Calculate the greatest common factor of 1977712 and 374.
374
What is the greatest common factor of 4881989 and 371?
371
What is the highest common factor of 593801 and 13?
13
Calculate the greatest common factor of 2210052 and 403.
403
Calculate the greatest common divisor of 17818 and 30031.
59
What is the greatest common divisor of 6745 and 2818061?
1349
What is the greatest common divisor of 748967 and 503?
503
Calculate the greatest common factor of 44 and 531443.
11
What is the highest common factor of 122 and 108641?
61
Calculate the greatest common factor of 129124 and 988.
76
What is the greatest common divisor of 259 and 238?
7
What is the greatest common divisor of 92579 and 43?
43
What is the greatest common factor of 1408 and 465872?
176
Calculate the highest common divisor of 308 and 9888494.
154
Calculate the greatest common divisor of 61017 and 33.
33
Calculate the greatest common factor of 96 and 292224.
96
What is the greatest common factor of 807 and 1168267?
269
What is the highest common factor of 14 and 57883?
7
What is the greatest common divisor of 20 and 829755?
5
What is the highest common factor of 12341 and 11849?
41
Calculate the greatest common factor of 3268460 and 260.
260
What is the greatest common